x = 62 + p. List the prime factors of x.
2, 29
Let w = 13541 - 9620. What are the prime factors of w?
3, 1307
Let g(x) = 2*x - 8. Let q be g(6). Suppose 0*z - 2*z + q = 2*i, 5*z - 31 = 2*i. List the prime factors of z.
5
Suppose 4*g = -g + 495. Let y = -53 + g. Suppose 6*n + f - y = 3*n, f = 1. List the prime factors of n.
3, 5
Suppose -6*n + 495 = -2*n + 5*x, -660 = -5*n + 2*x. Let d = n - 58. What are the prime factors of d?
2, 3
Suppose -6*h = -1038 - 1182. List the prime factors of h.
2, 5, 37
Suppose 0 = -8*d + 2*d. Suppose x = -d*x + 27. List the prime factors of x.
3
Let t = -39 - -58. Let o = t - -7. What are the prime factors of o?
2, 13
Suppose -4*l - 5*y = 643 - 8932, -2*y - 8282 = -4*l. What are the prime factors of l?
19, 109
Let x(z) = -z - 2. Let h be x(-8). Let w be h/(-10) - 1413/45. Let o = w + 53. What are the prime factors of o?
3, 7
Let d(c) be the first derivative of c**2 + 20*c - 6. List the prime factors of d(14).
2, 3
Suppose 5*p - 10*p - 45 = 0. Let l(i) = 2*i + 13. Let m be l(p). Let h = m - -12. What are the prime factors of h?
7
Let j = 8 - 33. What are the prime factors of (j - 2 - -3)/(-1)?
2, 3
Let d = 623 + -19. List the prime factors of d.
2, 151
What are the prime factors of 3/(-33) + (-273920)/(-220)?
3, 5, 83
Suppose -20 - 86 = 2*t. Let s = t + 78. List the prime factors of s.
5
Let i(v) be the first derivative of v**5/20 - v**4/6 + 5*v**3/6 + 3*v**2 - 3. Let o(c) be the second derivative of i(c). List the prime factors of o(4).
37
Let b(l) = l**2 - 4*l + 26. Let q be b(12). List the prime factors of (-4)/(-18) + q/18.
7
Let v(k) = -k**3 + 66*k**2 - 144*k**2 - 10*k + 69*k**2 - 6. Let d be (-10)/3*24/10. List the prime factors of v(d).
2, 5
Let j(x) = -x + 5. Let t be j(0). Suppose 86 + 404 = 10*q. Suppose t*d - 91 = q. List the prime factors of d.
2, 7
Let z(k) = k**2 + 8*k - 17. Let g be z(-8). List the prime factors of (5 - g/(-3))*375/(-2).
5
Let h(s) = -153*s**3 - 2*s**2 + 1. Let w be h(-1). Let b = w - 137. What are the prime factors of b?
3, 5
Suppose 5*j + 13856 = 4*b, 7 = 2*j + 15. List the prime factors of b.
3, 1153
Suppose 3*s + 4*h - 325 = 0, s - 108 = 4*h + 27. Let v be 3*(0 + s/15). Let x = 26 + v. List the prime factors of x.
7
List the prime factors of -2 + 224 + 0 + -2.
2, 5, 11
Suppose -5*j = 2*c - 376, 5*j - 136 - 57 = -c. Suppose c = 2*s + 63. What are the prime factors of s?
2, 3, 5
Let d = -55 - -30. Let w = d - -172. List the prime factors of w.
3, 7
Let q be 20/24*3*6/5. List the prime factors of (q*1)/(2 + (-241)/122).
2, 61
Let g be (190/19)/((-4)/(-10)). Suppose -3*c + g - 98 = -4*b, 3*c = b - 25. List the prime factors of b.
2
What are the prime factors of 1991/1 - (-306)/34?
2, 5
Suppose -3*s + 10 = q, 9*q = 4*q + 5. Suppose -s*x - x - 8 = -2*y, -4*y = -3*x - 16. Suppose y*k = 2*k + 28. What are the prime factors of k?
2, 7
Let i(o) = -16*o + 0 + 3 + 1 + 4. What are the prime factors of i(-6)?
2, 13
Let i = 6 + -4. Let c = 11 - 6. Suppose -c*t - 5*g = -t + 8, -3*g - 18 = -i*t. List the prime factors of t.
3
Suppose 0 = 41*x - 56475 + 10391. What are the prime factors of x?
2, 281
Let o = 886 - 279. What are the prime factors of o?
607
Let m = -7 + 0. Let j(t) be the first derivative of t**4/4 + 7*t**3/3 - 3*t**2 + 7*t - 11. List the prime factors of j(m).
7
Suppose -3*s - 215 = -5*o, s - o = 4*o - 55. What are the prime factors of (4 - 7) + s/(-2)?
37
Let r be (-3)/2*70/(-21). Suppose -4*b - 24 = -4*k, r*b + 12 = k - 2. Suppose 11 = 5*n - k*n. What are the prime factors of n?
11
Let o be 2 - (-2 - (-6)/3). Suppose -4 = -o*x, x = z - 7 - 8. List the prime factors of z.
17
Suppose -z + 36 = -4*k, -z - 4*k = -12 - 56. Suppose -z = a - 0*a. Let h = -21 - a. What are the prime factors of h?
31
Suppose -3*q - 15 = -12, 4*g - 4*q = 3780. What are the prime factors of g?
2, 59
Let b(p) = -3 + 11 + 3*p**2 - 10*p**2 + p**3 - 3*p. Let r(d) = -3*d + 77. Let k be r(23). What are the prime factors of b(k)?
2, 3
Let h(z) = 37*z + 613. What are the prime factors of h(0)?
613
Suppose 6 = -0*x + 3*x. Let g = x - 9. Let c(b) = b**3 + 8*b**2 + 4*b - 7. List the prime factors of c(g).
2, 7
Suppose -3 = -33*n + 32*n. Suppose -111 - 97 = -4*v. Suppose -n*i = -2*o - 18 + v, 8 = 4*i. What are the prime factors of o?
2, 5
Suppose 0 = -14*u + 9*u + 15. Suppose -3*s = -3, 2*k = u*k + 3*s - 158. Suppose 0 = -4*n - p + 197, -3*p = 5*n - k - 86. List the prime factors of n.
2, 5
Let b(r) = -3 + 5 + 3 + r. List the prime factors of b(-3).
2
Let c be ((-31)/31)/(1/(-6)). What are the prime factors of (1*c)/(51/1241)?
2, 73
Let h(d) = -3*d**2 - 14*d + 1. Let x be h(-5). List the prime factors of 2/8 + ((-363)/x - 1).
2, 3, 5
Let x = -5205 + 7929. List the prime factors of x.
2, 3, 227
Suppose x - 889 = 273. List the prime factors of x.
2, 7, 83
Let s = -5 - -17. Let u = -51 + s. Let d = 47 + u. List the prime factors of d.
2
Let p = 15 + -8. Let y = -7 + p. Suppose -4*m = -y*m - 60. List the prime factors of m.
3, 5
Let x = 1804 - 3938. List the prime factors of x/(-88) + 1/(-4).
2, 3
Suppose 5*m = 4*q - 9281, 0 = 5*m + 53 - 68. List the prime factors of q.
2, 7, 83
Suppose u = 16*u - 8175. What are the prime factors of u?
5, 109
Let i be 10/(-1 + -2 - -5). Suppose 0 = -t + 2 + i. Suppose -4*h - t = -47. List the prime factors of h.
2, 5
Let z(d) = d**2 + 5*d + 4. Let a be z(-5). Let s(f) = f**3 - 4*f**2 - f - 5. Let y be s(a). What are the prime factors of (y/(-6))/(3/104)?
2, 13
Let h be 1*(26/2)/1. List the prime factors of (h/(-2))/(9/(-162)).
3, 13
What are the prime factors of (-13)/(-2*(-4)/4)*-2?
13
Let u(a) = a**2 - 7*a - 15. Let t be u(7). Let w(i) = -i**2 - 17*i + 18. What are the prime factors of w(t)?
2, 3
Let h(c) = 142*c - 970. What are the prime factors of h(19)?
2, 3
What are the prime factors of (-106880)/(-100)*(-1)/((-6)/15)?
2, 167
Suppose -3*d + 5*a - 237 = 0, 0*d - 2*a - 68 = d. Let b = 166 + d. What are the prime factors of b?
2, 23
Suppose 2*f = -4*k + 159 + 815, 0 = 2*k + 4*f - 472. List the prime factors of k.
2, 3, 41
Suppose a - 9*b + 11*b - 234 = 0, -a + b = -222. What are the prime factors of a?
2, 113
Suppose -n = -5*n + 4*d, 5*n = -5*d + 20. Suppose -3*k + 74 = -5*p, n*p + 94 = 3*k + k. Suppose 0 = -2*s + 7 + k. List the prime factors of s.
3, 5
List the prime factors of 1 + 1 + (11931 - 3)/4.
2, 373
What are the prime factors of 2462 + (-8 + -22)/(-10)?
5, 17, 29
Let j(h) = -h**3 + 19*h**2 - 36*h - 21. Let q be j(18). Let z = q + 598. What are the prime factors of z?
11, 23
Suppose -4 = -3*x - x. Let k be 4/(-1) - x - 3. What are the prime factors of (-50 - k)*2/(-4)?
3, 7
Suppose 0 = -0*s + s - 38. Let q be (12/(-8))/((-3)/(-8)). Let v = q + s. List the prime factors of v.
2, 17
Let m(v) = -55*v - 2. Let p = -25 + 24. List the prime factors of m(p).
53
Suppose 35*c - 46*c = -12749. What are the prime factors of c?
19, 61
Let x(m) = -4*m + 9. Let y(q) = -9*q + 19. Let g(s) = 5*x(s) - 2*y(s). Let f be g(-6). Suppose f = -4*c + 115. What are the prime factors of c?
2, 3
List the prime factors of (1/2 - 357/(-42))*37.
3, 37
Suppose -4*t = -0*q + q - 15, -4*q = 3*t - 8. List the prime factors of 0/(q + 5) - -193 - 3.
2, 5, 19
Let s = 106 - 103. List the prime factors of 1350/27 - s*-1.
53
Let a be 272/(-20) + (-6)/15. Let s = a - -9. Let j(x) = -3*x + 6. What are the prime factors of j(s)?
3, 7
Suppose -610 = -0*i - 2*i + k, 2*k = -i + 315. What are the prime factors of i?
307
Let k = -231 + 149. Let m = 271 + k. List the prime factors of m.
3, 7
Suppose -7*k + 1 + 6 = 0. What are the prime factors of (-4)/(-10) + 1848/30 + k?
3, 7
Let q(w) = -6*w**2 - 221*w + 18. What are the prime factors of q(-36)?
2, 3, 11
Let h = -1566 - -2569. List the prime factors of h.
17, 59
Let t(r) = -7*r + 2. Let q be t(-6). Suppose -3*v + q = v. What are the prime factors of v?
11
Let t = 77 + 38. Let y = 185 - t. What are the prime factors of y?
2, 5, 7
Let q(o) = o - 1. Let x be q(0). What are the prime factors of (x - -7)/(4/26)?
3, 13
Suppose 0 = -z + 11 - 8, -3413 = -5*f - z. List the prime factors of f.
2, 11, 31
Let j(w) be the first derivative of -23*w**2/2 - 2*w - 2. Suppose -3*y - 2*y + 3*k + 2 = 0, 3*k = -2*y - 16. List the prime factors of j(y).
2, 11
Let b = 12 + -14. Let j be 5/(b/(0